Last updated on 2022-04-24 03:52:27 CEST.
Flavor | Version | Tinstall | Tcheck | Ttotal | Status | Flags |
---|---|---|---|---|---|---|
r-devel-linux-x86_64-debian-clang | 1.0.1 | 2.91 | 59.67 | 62.58 | NOTE | |
r-devel-linux-x86_64-debian-gcc | 1.0.1 | 1.92 | 42.29 | 44.21 | NOTE | |
r-devel-linux-x86_64-fedora-clang | 1.0.1 | 72.61 | NOTE | |||
r-devel-linux-x86_64-fedora-gcc | 1.0.1 | 60.69 | NOTE | |||
r-patched-linux-x86_64 | 1.0.1 | 2.00 | 56.97 | 58.97 | NOTE | |
r-release-linux-x86_64 | 1.0.1 | 2.41 | 54.67 | 57.08 | NOTE | |
r-release-macos-arm64 | 1.0.1 | NOTE | ||||
r-release-macos-x86_64 | 1.0.1 | NOTE | ||||
r-release-windows-x86_64 | 1.0.1 | 11.00 | 79.00 | 90.00 | NOTE | |
r-oldrel-macos-arm64 | 1.0.1 | NOTE | ||||
r-oldrel-macos-x86_64 | 1.0.1 | NOTE | ||||
r-oldrel-windows-ix86+x86_64 | 1.0.1 | 5.00 | 67.00 | 72.00 | NOTE |
Version: 1.0.1
Check: LazyData
Result: NOTE
'LazyData' is specified without a 'data' directory
Flavors: r-devel-linux-x86_64-debian-clang, r-devel-linux-x86_64-debian-gcc, r-devel-linux-x86_64-fedora-clang, r-devel-linux-x86_64-fedora-gcc, r-patched-linux-x86_64, r-release-linux-x86_64, r-release-macos-arm64, r-release-macos-x86_64, r-release-windows-x86_64, r-oldrel-macos-arm64, r-oldrel-macos-x86_64, r-oldrel-windows-ix86+x86_64