Last updated on 2022-04-24 03:52:27 CEST.
Flavor | Version | Tinstall | Tcheck | Ttotal | Status | Flags |
---|---|---|---|---|---|---|
r-devel-linux-x86_64-debian-clang | 1.1.0 | 13.19 | 343.11 | 356.30 | NOTE | |
r-devel-linux-x86_64-debian-gcc | 1.1.0 | 10.22 | 249.78 | 260.00 | NOTE | |
r-devel-linux-x86_64-fedora-clang | 1.1.0 | 256.42 | NOTE | |||
r-devel-linux-x86_64-fedora-gcc | 1.1.0 | 409.84 | NOTE | |||
r-patched-linux-x86_64 | 1.1.0 | 16.35 | 314.15 | 330.50 | OK | |
r-release-linux-x86_64 | 1.1.0 | 11.68 | 312.80 | 324.48 | OK | |
r-release-macos-arm64 | 1.1.0 | OK | ||||
r-release-macos-x86_64 | 1.1.0 | OK | ||||
r-release-windows-x86_64 | 1.1.0 | 37.00 | 354.00 | 391.00 | OK | |
r-oldrel-macos-arm64 | 1.1.0 | OK | ||||
r-oldrel-macos-x86_64 | 1.1.0 | OK | ||||
r-oldrel-windows-ix86+x86_64 | 1.1.0 | 26.00 | 365.00 | 391.00 | OK |
Version: 1.1.0
Check: Rd files
Result: NOTE
checkRd: (7) file 'param_learn.Rd': \item in \value must have non-empty label
checkRd: (7) file 'struct_learn.Rd': \item in \value must have non-empty label
Flavors: r-devel-linux-x86_64-debian-clang, r-devel-linux-x86_64-debian-gcc, r-devel-linux-x86_64-fedora-clang, r-devel-linux-x86_64-fedora-gcc