Last updated on 2022-04-24 03:52:27 CEST.
Flavor | Version | Tinstall | Tcheck | Ttotal | Status | Flags |
---|---|---|---|---|---|---|
r-devel-linux-x86_64-debian-clang | 1.1-3.2 | 14.65 | 130.64 | 145.29 | OK | |
r-devel-linux-x86_64-debian-gcc | 1.1-3.2 | 11.83 | 94.68 | 106.51 | OK | |
r-devel-linux-x86_64-fedora-clang | 1.1-3.2 | 170.06 | NOTE | |||
r-devel-linux-x86_64-fedora-gcc | 1.1-3.2 | 149.04 | OK | |||
r-patched-linux-x86_64 | 1.1-3.2 | 15.18 | 120.11 | 135.29 | OK | |
r-release-linux-x86_64 | 1.1-3.2 | 14.59 | 110.83 | 125.42 | OK | |
r-release-macos-arm64 | 1.1-3.2 | OK | ||||
r-release-macos-x86_64 | 1.1-3.2 | OK | ||||
r-release-windows-x86_64 | 1.1-3.2 | 20.00 | 135.00 | 155.00 | OK | |
r-oldrel-macos-arm64 | 1.1-3.2 | OK | ||||
r-oldrel-macos-x86_64 | 1.1-3.2 | OK | ||||
r-oldrel-windows-ix86+x86_64 | 1.1-3.2 | 29.00 | 124.00 | 153.00 | OK |
Version: 1.1-3.2
Check: Rd cross-references
Result: NOTE
Undeclared package ‘sandwich’ in Rd xrefs
Flavor: r-devel-linux-x86_64-fedora-clang