Last updated on 2022-04-24 03:52:27 CEST.
Flavor | Version | Tinstall | Tcheck | Ttotal | Status | Flags |
---|---|---|---|---|---|---|
r-devel-linux-x86_64-debian-clang | 1.1.1 | 11.68 | 68.00 | 79.68 | NOTE | |
r-devel-linux-x86_64-debian-gcc | 1.1.1 | 8.55 | 50.17 | 58.72 | NOTE | |
r-devel-linux-x86_64-fedora-clang | 1.1.1 | 96.65 | NOTE | |||
r-devel-linux-x86_64-fedora-gcc | 1.1.1 | 83.23 | NOTE | |||
r-patched-linux-x86_64 | 1.1.1 | 12.15 | 65.51 | 77.66 | NOTE | |
r-release-linux-x86_64 | 1.1.1 | 11.04 | 63.25 | 74.29 | NOTE | |
r-release-macos-arm64 | 1.1.1 | NOTE | ||||
r-release-macos-x86_64 | 1.1.1 | NOTE | ||||
r-release-windows-x86_64 | 1.1.1 | 25.00 | 75.00 | 100.00 | NOTE | |
r-oldrel-macos-arm64 | 1.1.1 | NOTE | ||||
r-oldrel-macos-x86_64 | 1.1.1 | NOTE | ||||
r-oldrel-windows-ix86+x86_64 | 1.1.1 | 23.00 | 82.00 | 105.00 | NOTE |
Version: 1.1.1
Check: LazyData
Result: NOTE
'LazyData' is specified without a 'data' directory
Flavors: r-devel-linux-x86_64-debian-clang, r-devel-linux-x86_64-debian-gcc, r-devel-linux-x86_64-fedora-clang, r-devel-linux-x86_64-fedora-gcc, r-patched-linux-x86_64, r-release-linux-x86_64, r-release-macos-arm64, r-release-macos-x86_64, r-release-windows-x86_64, r-oldrel-macos-arm64, r-oldrel-macos-x86_64, r-oldrel-windows-ix86+x86_64
Version: 1.1.1
Check: Rd cross-references
Result: NOTE
Undeclared package ‘repeated’ in Rd xrefs
Flavor: r-devel-linux-x86_64-fedora-clang