Last updated on 2022-04-24 03:52:27 CEST.
Flavor | Version | Tinstall | Tcheck | Ttotal | Status | Flags |
---|---|---|---|---|---|---|
r-devel-linux-x86_64-debian-clang | 0.7-8 | 2.82 | 39.89 | 42.71 | OK | |
r-devel-linux-x86_64-debian-gcc | 0.7-8 | 2.22 | 31.01 | 33.23 | OK | |
r-devel-linux-x86_64-fedora-clang | 0.7-8 | 52.29 | NOTE | |||
r-devel-linux-x86_64-fedora-gcc | 0.7-8 | 40.40 | OK | |||
r-patched-linux-x86_64 | 0.7-8 | 2.47 | 38.95 | 41.42 | OK | |
r-release-linux-x86_64 | 0.7-8 | 2.60 | 37.20 | 39.80 | OK | |
r-release-macos-arm64 | 0.7-8 | OK | ||||
r-release-macos-x86_64 | 0.7-8 | OK | ||||
r-release-windows-x86_64 | 0.7-8 | 14.00 | 55.00 | 69.00 | OK | |
r-oldrel-macos-arm64 | 0.7-8 | OK | ||||
r-oldrel-macos-x86_64 | 0.7-8 | OK | ||||
r-oldrel-windows-ix86+x86_64 | 0.7-8 | 7.00 | 46.00 | 53.00 | OK |
Version: 0.7-8
Check: Rd cross-references
Result: NOTE
Undeclared package ‘gdata’ in Rd xrefs
Flavor: r-devel-linux-x86_64-fedora-clang