Last updated on 2022-04-24 03:52:27 CEST.
Flavor | Version | Tinstall | Tcheck | Ttotal | Status | Flags |
---|---|---|---|---|---|---|
r-devel-linux-x86_64-debian-clang | 0.5.1 | 12.94 | 134.53 | 147.47 | OK | |
r-devel-linux-x86_64-debian-gcc | 0.5.1 | 10.46 | 97.69 | 108.15 | OK | |
r-devel-linux-x86_64-fedora-clang | 0.5.1 | 182.00 | NOTE | |||
r-devel-linux-x86_64-fedora-gcc | 0.5.1 | 156.50 | NOTE | |||
r-patched-linux-x86_64 | 0.5.1 | 11.04 | 122.98 | 134.02 | OK | |
r-release-linux-x86_64 | 0.5.1 | 7.40 | 113.64 | 121.04 | OK | |
r-release-macos-arm64 | 0.5.1 | NOTE | ||||
r-release-macos-x86_64 | 0.5.1 | NOTE | ||||
r-release-windows-x86_64 | 0.5.1 | 21.00 | 144.00 | 165.00 | OK | |
r-oldrel-macos-arm64 | 0.5.1 | NOTE | ||||
r-oldrel-macos-x86_64 | 0.5.1 | NOTE | ||||
r-oldrel-windows-ix86+x86_64 | 0.5.1 | 29.00 | 131.00 | 160.00 | OK |
Version: 0.5.1
Check: dependencies in R code
Result: NOTE
Namespace in Imports field not imported from: ‘Hmisc’
All declared Imports should be used.
Flavors: r-devel-linux-x86_64-fedora-clang, r-devel-linux-x86_64-fedora-gcc, r-release-macos-arm64, r-release-macos-x86_64, r-oldrel-macos-arm64, r-oldrel-macos-x86_64