Last updated on 2022-04-24 03:52:27 CEST.
Flavor | Version | Tinstall | Tcheck | Ttotal | Status | Flags |
---|---|---|---|---|---|---|
r-devel-linux-x86_64-debian-clang | 0.1 | 67.54 | 111.22 | 178.76 | OK | |
r-devel-linux-x86_64-debian-gcc | 0.1 | 58.00 | 84.13 | 142.13 | OK | |
r-devel-linux-x86_64-fedora-clang | 0.1 | 232.68 | NOTE | |||
r-devel-linux-x86_64-fedora-gcc | 0.1 | 205.38 | NOTE | |||
r-patched-linux-x86_64 | 0.1 | 58.20 | 104.72 | 162.92 | OK | |
r-release-linux-x86_64 | 0.1 | 58.40 | 99.26 | 157.66 | OK | |
r-release-macos-arm64 | 0.1 | NOTE | ||||
r-release-macos-x86_64 | 0.1 | NOTE | ||||
r-release-windows-x86_64 | 0.1 | 50.00 | 140.00 | 190.00 | OK | |
r-oldrel-macos-arm64 | 0.1 | NOTE | ||||
r-oldrel-macos-x86_64 | 0.1 | NOTE | ||||
r-oldrel-windows-ix86+x86_64 | 0.1 | 141.00 | 155.00 | 296.00 | OK |
Version: 0.1
Check: dependencies in R code
Result: NOTE
Namespace in Imports field not imported from: ‘Rcpp’
All declared Imports should be used.
Flavors: r-devel-linux-x86_64-fedora-clang, r-devel-linux-x86_64-fedora-gcc, r-release-macos-arm64, r-release-macos-x86_64, r-oldrel-macos-arm64, r-oldrel-macos-x86_64
Version: 0.1
Check: installed package size
Result: NOTE
installed size is 6.8Mb
sub-directories of 1Mb or more:
libs 6.4Mb
Flavors: r-release-macos-arm64, r-release-macos-x86_64, r-oldrel-macos-arm64, r-oldrel-macos-x86_64