Last updated on 2022-04-24 03:52:27 CEST.
Flavor | Version | Tinstall | Tcheck | Ttotal | Status | Flags |
---|---|---|---|---|---|---|
r-devel-linux-x86_64-debian-clang | 0.1.0 | 43.59 | 141.11 | 184.70 | OK | |
r-devel-linux-x86_64-debian-gcc | 0.1.0 | 32.67 | 105.61 | 138.28 | OK | |
r-devel-linux-x86_64-fedora-clang | 0.1.0 | 248.03 | NOTE | |||
r-devel-linux-x86_64-fedora-gcc | 0.1.0 | 208.64 | NOTE | |||
r-patched-linux-x86_64 | 0.1.0 | 34.27 | 134.23 | 168.50 | OK | |
r-release-linux-x86_64 | 0.1.0 | 34.14 | 129.95 | 164.09 | OK | |
r-release-macos-arm64 | 0.1.0 | NOTE | ||||
r-release-macos-x86_64 | 0.1.0 | NOTE | ||||
r-release-windows-x86_64 | 0.1.0 | 41.00 | 178.00 | 219.00 | OK | |
r-oldrel-macos-arm64 | 0.1.0 | NOTE | ||||
r-oldrel-macos-x86_64 | 0.1.0 | NOTE | ||||
r-oldrel-windows-ix86+x86_64 | 0.1.0 | 99.00 | 227.00 | 326.00 | OK |
Version: 0.1.0
Check: data for non-ASCII characters
Result: NOTE
Note: found 1352 marked UTF-8 strings
Flavors: r-devel-linux-x86_64-fedora-clang, r-devel-linux-x86_64-fedora-gcc, r-release-macos-arm64, r-release-macos-x86_64, r-oldrel-macos-arm64, r-oldrel-macos-x86_64