Last updated on 2022-04-24 03:52:27 CEST.
Flavor | Version | Tinstall | Tcheck | Ttotal | Status | Flags |
---|---|---|---|---|---|---|
r-devel-linux-x86_64-debian-clang | 0.3.2 | 9.21 | 125.52 | 134.73 | OK | |
r-devel-linux-x86_64-debian-gcc | 0.3.2 | 7.60 | 93.15 | 100.75 | OK | |
r-devel-linux-x86_64-fedora-clang | 0.3.2 | 160.72 | NOTE | |||
r-devel-linux-x86_64-fedora-gcc | 0.3.2 | 158.17 | NOTE | |||
r-patched-linux-x86_64 | 0.3.2 | 10.97 | 119.43 | 130.40 | OK | |
r-release-linux-x86_64 | 0.3.2 | 9.08 | 128.03 | 137.11 | OK | |
r-release-macos-arm64 | 0.3.2 | NOTE | ||||
r-release-macos-x86_64 | 0.3.2 | NOTE | ||||
r-release-windows-x86_64 | 0.3.2 | 48.00 | 173.00 | 221.00 | OK | |
r-oldrel-macos-arm64 | 0.3.2 | NOTE | ||||
r-oldrel-macos-x86_64 | 0.3.2 | NOTE | ||||
r-oldrel-windows-ix86+x86_64 | 0.3.2 | 22.00 | 159.00 | 181.00 | OK |
Version: 0.3.2
Check: dependencies in R code
Result: NOTE
Namespace in Imports field not imported from: ‘brio’
All declared Imports should be used.
Flavors: r-devel-linux-x86_64-fedora-clang, r-devel-linux-x86_64-fedora-gcc, r-release-macos-arm64, r-release-macos-x86_64, r-oldrel-macos-arm64, r-oldrel-macos-x86_64