Last updated on 2022-04-24 03:52:27 CEST.
Flavor | Version | Tinstall | Tcheck | Ttotal | Status | Flags |
---|---|---|---|---|---|---|
r-devel-linux-x86_64-debian-clang | 1.0.2 | 7.89 | 109.34 | 117.23 | NOTE | |
r-devel-linux-x86_64-debian-gcc | 1.0.2 | 6.39 | 92.95 | 99.34 | NOTE | |
r-devel-linux-x86_64-fedora-clang | 1.0.2 | 139.01 | NOTE | |||
r-devel-linux-x86_64-fedora-gcc | 1.0.2 | 124.12 | NOTE | |||
r-patched-linux-x86_64 | 1.0.2 | 8.07 | 102.98 | 111.05 | NOTE | |
r-release-linux-x86_64 | 1.0.2 | 4.75 | 84.33 | 89.08 | NOTE | |
r-release-macos-arm64 | 1.0.2 | NOTE | ||||
r-release-macos-x86_64 | 1.0.2 | NOTE | ||||
r-release-windows-x86_64 | 1.0.2 | 98.00 | 185.00 | 283.00 | NOTE | |
r-oldrel-macos-arm64 | 1.0.2 | NOTE | ||||
r-oldrel-macos-x86_64 | 1.0.2 | NOTE | ||||
r-oldrel-windows-ix86+x86_64 | 1.0.2 | 15.00 | 118.00 | 133.00 | NOTE |
Version: 1.0.2
Check: LazyData
Result: NOTE
'LazyData' is specified without a 'data' directory
Flavors: r-devel-linux-x86_64-debian-clang, r-devel-linux-x86_64-debian-gcc, r-devel-linux-x86_64-fedora-clang, r-devel-linux-x86_64-fedora-gcc, r-patched-linux-x86_64, r-release-linux-x86_64, r-release-macos-arm64, r-release-macos-x86_64, r-release-windows-x86_64, r-oldrel-macos-arm64, r-oldrel-macos-x86_64, r-oldrel-windows-ix86+x86_64