Last updated on 2022-04-24 03:52:27 CEST.
Flavor | Version | Tinstall | Tcheck | Ttotal | Status | Flags |
---|---|---|---|---|---|---|
r-devel-linux-x86_64-debian-clang | 0.5.0 | 9.94 | 85.91 | 95.85 | OK | |
r-devel-linux-x86_64-debian-gcc | 0.5.0 | 7.11 | 63.28 | 70.39 | OK | |
r-devel-linux-x86_64-fedora-clang | 0.5.0 | 110.73 | NOTE | |||
r-devel-linux-x86_64-fedora-gcc | 0.5.0 | 99.53 | OK | |||
r-patched-linux-x86_64 | 0.5.0 | 11.63 | 81.16 | 92.79 | OK | |
r-release-linux-x86_64 | 0.5.0 | 8.15 | 77.22 | 85.37 | OK | |
r-release-macos-arm64 | 0.5.0 | OK | ||||
r-release-macos-x86_64 | 0.5.0 | OK | ||||
r-release-windows-x86_64 | 0.5.0 | 367.00 | 117.00 | 484.00 | OK | |
r-oldrel-macos-arm64 | 0.5.0 | OK | ||||
r-oldrel-macos-x86_64 | 0.5.0 | OK | ||||
r-oldrel-windows-ix86+x86_64 | 0.5.0 | 17.00 | 96.00 | 113.00 | OK |
Version: 0.5.0
Check: Rd cross-references
Result: NOTE
Undeclared packages ‘rcmdcheck’, ‘covr’, ‘devtools’, ‘pkgdown’ in Rd xrefs
Flavor: r-devel-linux-x86_64-fedora-clang