Last updated on 2022-04-24 03:52:27 CEST.
Flavor | Version | Tinstall | Tcheck | Ttotal | Status | Flags |
---|---|---|---|---|---|---|
r-devel-linux-x86_64-debian-clang | 0.2.0 | 4.38 | 48.57 | 52.95 | NOTE | |
r-devel-linux-x86_64-debian-gcc | 0.2.0 | 3.14 | 36.12 | 39.26 | NOTE | |
r-devel-linux-x86_64-fedora-clang | 0.2.0 | 62.28 | NOTE | |||
r-devel-linux-x86_64-fedora-gcc | 0.2.0 | 49.86 | NOTE | |||
r-patched-linux-x86_64 | 0.2.0 | 2.98 | 45.66 | 48.64 | NOTE | |
r-release-linux-x86_64 | 0.2.0 | 3.26 | 43.56 | 46.82 | NOTE | |
r-release-macos-arm64 | 0.2.0 | NOTE | ||||
r-release-macos-x86_64 | 0.2.0 | NOTE | ||||
r-release-windows-x86_64 | 0.2.0 | 51.00 | 64.00 | 115.00 | NOTE | |
r-oldrel-macos-arm64 | 0.2.0 | NOTE | ||||
r-oldrel-macos-x86_64 | 0.2.0 | NOTE | ||||
r-oldrel-windows-ix86+x86_64 | 0.2.0 | 10.00 | 53.00 | 63.00 | NOTE |
Version: 0.2.0
Check: LazyData
Result: NOTE
'LazyData' is specified without a 'data' directory
Flavors: r-devel-linux-x86_64-debian-clang, r-devel-linux-x86_64-debian-gcc, r-devel-linux-x86_64-fedora-clang, r-devel-linux-x86_64-fedora-gcc, r-patched-linux-x86_64, r-release-linux-x86_64, r-release-macos-arm64, r-release-macos-x86_64, r-release-windows-x86_64, r-oldrel-macos-arm64, r-oldrel-macos-x86_64, r-oldrel-windows-ix86+x86_64