Last updated on 2022-04-24 03:52:27 CEST.
Flavor | Version | Tinstall | Tcheck | Ttotal | Status | Flags |
---|---|---|---|---|---|---|
r-devel-linux-x86_64-debian-clang | 0.3.0 | 6.15 | 65.07 | 71.22 | NOTE | |
r-devel-linux-x86_64-debian-gcc | 0.3.0 | 4.72 | 49.15 | 53.87 | NOTE | |
r-devel-linux-x86_64-fedora-clang | 0.3.0 | 86.19 | NOTE | |||
r-devel-linux-x86_64-fedora-gcc | 0.3.0 | 71.97 | NOTE | |||
r-patched-linux-x86_64 | 0.3.0 | 9.57 | 61.12 | 70.69 | NOTE | |
r-release-linux-x86_64 | 0.3.0 | 5.52 | 60.40 | 65.92 | NOTE | |
r-release-macos-arm64 | 0.3.0 | NOTE | ||||
r-release-macos-x86_64 | 0.3.0 | NOTE | ||||
r-release-windows-x86_64 | 0.3.0 | 49.00 | 94.00 | 143.00 | NOTE | |
r-oldrel-macos-arm64 | 0.3.0 | NOTE | ||||
r-oldrel-macos-x86_64 | 0.3.0 | NOTE | ||||
r-oldrel-windows-ix86+x86_64 | 0.3.0 | 13.00 | 77.00 | 90.00 | NOTE |
Version: 0.3.0
Check: LazyData
Result: NOTE
'LazyData' is specified without a 'data' directory
Flavors: r-devel-linux-x86_64-debian-clang, r-devel-linux-x86_64-debian-gcc, r-devel-linux-x86_64-fedora-clang, r-devel-linux-x86_64-fedora-gcc, r-patched-linux-x86_64, r-release-linux-x86_64, r-release-macos-arm64, r-release-macos-x86_64, r-release-windows-x86_64, r-oldrel-macos-arm64, r-oldrel-macos-x86_64, r-oldrel-windows-ix86+x86_64