Last updated on 2022-04-24 03:52:27 CEST.
Flavor | Version | Tinstall | Tcheck | Ttotal | Status | Flags |
---|---|---|---|---|---|---|
r-devel-linux-x86_64-debian-clang | 0.2.0 | 7.45 | 77.54 | 84.99 | OK | |
r-devel-linux-x86_64-debian-gcc | 0.2.0 | 5.54 | 56.97 | 62.51 | OK | |
r-devel-linux-x86_64-fedora-clang | 0.2.0 | 110.09 | NOTE | |||
r-devel-linux-x86_64-fedora-gcc | 0.2.0 | 85.67 | NOTE | |||
r-patched-linux-x86_64 | 0.2.0 | 9.29 | 71.20 | 80.49 | OK | |
r-release-linux-x86_64 | 0.2.0 | 7.52 | 67.60 | 75.12 | OK | |
r-release-macos-arm64 | 0.2.0 | NOTE | ||||
r-release-macos-x86_64 | 0.2.0 | NOTE | ||||
r-release-windows-x86_64 | 0.2.0 | 180.00 | 108.00 | 288.00 | OK | |
r-oldrel-macos-arm64 | 0.2.0 | NOTE | ||||
r-oldrel-macos-x86_64 | 0.2.0 | NOTE | ||||
r-oldrel-windows-ix86+x86_64 | 0.2.0 | 17.00 | 87.00 | 104.00 | OK |
Version: 0.2.0
Check: dependencies in R code
Result: NOTE
Namespaces in Imports field not imported from:
‘assertthat’ ‘future’ ‘httr’
All declared Imports should be used.
Flavors: r-devel-linux-x86_64-fedora-clang, r-devel-linux-x86_64-fedora-gcc, r-release-macos-arm64, r-release-macos-x86_64, r-oldrel-macos-arm64, r-oldrel-macos-x86_64