Last updated on 2022-04-24 03:52:27 CEST.
Flavor | Version | Tinstall | Tcheck | Ttotal | Status | Flags |
---|---|---|---|---|---|---|
r-devel-linux-x86_64-debian-clang | 0.2.0 | 6.13 | 60.37 | 66.50 | NOTE | |
r-devel-linux-x86_64-debian-gcc | 0.2.0 | 4.68 | 44.57 | 49.25 | NOTE | |
r-devel-linux-x86_64-fedora-clang | 0.2.0 | 77.02 | NOTE | |||
r-devel-linux-x86_64-fedora-gcc | 0.2.0 | 64.11 | NOTE | |||
r-patched-linux-x86_64 | 0.2.0 | 6.33 | 56.60 | 62.93 | NOTE | |
r-release-linux-x86_64 | 0.2.0 | 4.89 | 53.49 | 58.38 | NOTE | |
r-release-macos-arm64 | 0.2.0 | NOTE | ||||
r-release-macos-x86_64 | 0.2.0 | NOTE | ||||
r-release-windows-x86_64 | 0.2.0 | 15.00 | 72.00 | 87.00 | NOTE | |
r-oldrel-macos-arm64 | 0.2.0 | NOTE | ||||
r-oldrel-macos-x86_64 | 0.2.0 | NOTE | ||||
r-oldrel-windows-ix86+x86_64 | 0.2.0 | 14.00 | 65.00 | 79.00 | NOTE |
Version: 0.2.0
Check: LazyData
Result: NOTE
'LazyData' is specified without a 'data' directory
Flavors: r-devel-linux-x86_64-debian-clang, r-devel-linux-x86_64-debian-gcc, r-devel-linux-x86_64-fedora-clang, r-devel-linux-x86_64-fedora-gcc, r-patched-linux-x86_64, r-release-linux-x86_64, r-release-macos-arm64, r-release-macos-x86_64, r-release-windows-x86_64, r-oldrel-macos-arm64, r-oldrel-macos-x86_64, r-oldrel-windows-ix86+x86_64