Last updated on 2022-04-24 03:52:27 CEST.
Flavor | Version | Tinstall | Tcheck | Ttotal | Status | Flags |
---|---|---|---|---|---|---|
r-devel-linux-x86_64-debian-clang | 1.0.0 | 8.39 | 98.00 | 106.39 | OK | |
r-devel-linux-x86_64-debian-gcc | 1.0.0 | 7.25 | 72.72 | 79.97 | OK | |
r-devel-linux-x86_64-fedora-clang | 1.0.0 | 132.11 | NOTE | |||
r-devel-linux-x86_64-fedora-gcc | 1.0.0 | 111.73 | OK | |||
r-patched-linux-x86_64 | 1.0.0 | 10.91 | 92.27 | 103.18 | OK | |
r-release-linux-x86_64 | 1.0.0 | 6.71 | 86.74 | 93.45 | OK | |
r-release-macos-arm64 | 1.0.0 | OK | ||||
r-release-macos-x86_64 | 1.0.0 | OK | ||||
r-release-windows-x86_64 | 1.0.0 | 200.00 | 125.00 | 325.00 | OK | |
r-oldrel-macos-arm64 | 1.0.0 | OK | ||||
r-oldrel-macos-x86_64 | 1.0.0 | OK | ||||
r-oldrel-windows-ix86+x86_64 | 1.0.0 | 19.00 | 106.00 | 125.00 | OK |
Version: 1.0.0
Check: Rd cross-references
Result: NOTE
Undeclared package ‘jsonlite’ in Rd xrefs
Flavor: r-devel-linux-x86_64-fedora-clang