Last updated on 2022-04-24 03:52:27 CEST.
Flavor | Version | Tinstall | Tcheck | Ttotal | Status | Flags |
---|---|---|---|---|---|---|
r-devel-linux-x86_64-debian-clang | 0.3 | 23.50 | 197.88 | 221.38 | OK | |
r-devel-linux-x86_64-debian-gcc | 0.3 | 16.11 | 146.02 | 162.13 | OK | |
r-devel-linux-x86_64-fedora-clang | 0.3 | 251.96 | NOTE | |||
r-devel-linux-x86_64-fedora-gcc | 0.3 | 235.99 | NOTE | |||
r-patched-linux-x86_64 | 0.3 | 21.47 | 182.87 | 204.34 | OK | |
r-release-linux-x86_64 | 0.3 | 17.76 | 171.74 | 189.50 | OK | |
r-release-macos-arm64 | 0.3 | NOTE | ||||
r-release-macos-x86_64 | 0.3 | NOTE | ||||
r-release-windows-x86_64 | 0.3 | 29.00 | 202.00 | 231.00 | OK | |
r-oldrel-macos-arm64 | 0.3 | NOTE | ||||
r-oldrel-macos-x86_64 | 0.3 | NOTE | ||||
r-oldrel-windows-ix86+x86_64 | 0.3 | 43.00 | 189.00 | 232.00 | OK |
Version: 0.3
Check: dependencies in R code
Result: NOTE
Namespace in Imports field not imported from: ‘BradleyTerry2’
All declared Imports should be used.
Flavors: r-devel-linux-x86_64-fedora-clang, r-devel-linux-x86_64-fedora-gcc, r-release-macos-arm64, r-release-macos-x86_64, r-oldrel-macos-arm64, r-oldrel-macos-x86_64