Last updated on 2022-04-24 03:52:27 CEST.
Flavor | Version | Tinstall | Tcheck | Ttotal | Status | Flags |
---|---|---|---|---|---|---|
r-devel-linux-x86_64-debian-clang | 0.3.5 | 4.66 | 59.38 | 64.04 | OK | |
r-devel-linux-x86_64-debian-gcc | 0.3.5 | 4.23 | 43.85 | 48.08 | OK | |
r-devel-linux-x86_64-fedora-clang | 0.3.5 | 78.09 | NOTE | |||
r-devel-linux-x86_64-fedora-gcc | 0.3.5 | 64.18 | NOTE | |||
r-patched-linux-x86_64 | 0.3.5 | 5.81 | 55.88 | 61.69 | OK | |
r-release-linux-x86_64 | 0.3.5 | 4.45 | 57.02 | 61.47 | OK | |
r-release-macos-arm64 | 0.3.5 | NOTE | ||||
r-release-macos-x86_64 | 0.3.5 | NOTE | ||||
r-release-windows-x86_64 | 0.3.5 | 27.00 | 86.00 | 113.00 | OK | |
r-oldrel-macos-arm64 | 0.3.5 | NOTE | ||||
r-oldrel-macos-x86_64 | 0.3.5 | NOTE | ||||
r-oldrel-windows-ix86+x86_64 | 0.3.5 | 10.00 | 70.00 | 80.00 | OK |
Version: 0.3.5
Check: dependencies in R code
Result: NOTE
Namespaces in Imports field not imported from:
‘dplyr’ ‘utils’
All declared Imports should be used.
Flavors: r-devel-linux-x86_64-fedora-clang, r-devel-linux-x86_64-fedora-gcc, r-release-macos-arm64, r-release-macos-x86_64, r-oldrel-macos-arm64, r-oldrel-macos-x86_64