Last updated on 2022-04-24 03:52:27 CEST.
Flavor | Version | Tinstall | Tcheck | Ttotal | Status | Flags |
---|---|---|---|---|---|---|
r-devel-linux-x86_64-debian-clang | 0.7.3.1 | 825.66 | 190.43 | 1016.09 | OK | |
r-devel-linux-x86_64-debian-gcc | 0.7.3.1 | 640.88 | 277.81 | 918.69 | OK | |
r-devel-linux-x86_64-fedora-clang | 0.7.3.1 | 1833.35 | NOTE | |||
r-devel-linux-x86_64-fedora-gcc | 0.7.3.1 | 1269.25 | OK | |||
r-patched-linux-x86_64 | 0.7.3.1 | 643.98 | 197.20 | 841.18 | OK | |
r-release-linux-x86_64 | 0.7.3.1 | 670.01 | 177.75 | 847.76 | OK | |
r-release-macos-arm64 | 0.7.3.1 | NOTE | ||||
r-release-macos-x86_64 | 0.7.3.1 | NOTE | ||||
r-release-windows-x86_64 | 0.7.3.1 | 709.00 | 229.00 | 938.00 | NOTE | |
r-oldrel-macos-arm64 | 0.7.3.1 | NOTE | ||||
r-oldrel-macos-x86_64 | 0.7.3.1 | NOTE | ||||
r-oldrel-windows-ix86+x86_64 | 0.7.3.1 | 1532.00 | 294.00 | 1826.00 | NOTE |
Version: 0.7.3.1
Check: installed package size
Result: NOTE
installed size is 105.4Mb
sub-directories of 1Mb or more:
libs 104.5Mb
Flavors: r-devel-linux-x86_64-fedora-clang, r-release-macos-arm64, r-release-macos-x86_64, r-release-windows-x86_64, r-oldrel-macos-arm64, r-oldrel-macos-x86_64, r-oldrel-windows-ix86+x86_64