Last updated on 2022-04-24 03:52:27 CEST.
Flavor | Version | Tinstall | Tcheck | Ttotal | Status | Flags |
---|---|---|---|---|---|---|
r-devel-linux-x86_64-debian-clang | 0.12.0 | 31.29 | 222.56 | 253.85 | OK | |
r-devel-linux-x86_64-debian-gcc | 0.12.0 | 25.99 | 169.46 | 195.45 | OK | |
r-devel-linux-x86_64-fedora-clang | 0.12.0 | 314.89 | OK | |||
r-devel-linux-x86_64-fedora-gcc | 0.12.0 | 298.87 | OK | |||
r-patched-linux-x86_64 | 0.12.0 | 32.12 | 220.65 | 252.77 | OK | |
r-release-linux-x86_64 | 0.12.0 | 28.39 | 215.26 | 243.65 | OK | |
r-release-macos-arm64 | 0.12.0 | NOTE | ||||
r-release-macos-x86_64 | 0.12.0 | OK | ||||
r-release-windows-x86_64 | 0.12.0 | 62.00 | 278.00 | 340.00 | OK | |
r-oldrel-macos-arm64 | 0.12.0 | NOTE | ||||
r-oldrel-macos-x86_64 | 0.12.0 | OK | ||||
r-oldrel-windows-ix86+x86_64 | 0.12.0 | 78.00 | 353.00 | 431.00 | NOTE |
Version: 0.12.0
Check: installed package size
Result: NOTE
installed size is 5.0Mb
sub-directories of 1Mb or more:
doc 3.1Mb
libs 1.6Mb
Flavors: r-release-macos-arm64, r-oldrel-macos-arm64, r-oldrel-windows-ix86+x86_64