Last updated on 2022-04-24 03:52:27 CEST.
Flavor | Version | Tinstall | Tcheck | Ttotal | Status | Flags |
---|---|---|---|---|---|---|
r-devel-linux-x86_64-debian-clang | 0.7-4 | 10.02 | 100.74 | 110.76 | OK | |
r-devel-linux-x86_64-debian-gcc | 0.7-4 | 7.71 | 75.36 | 83.07 | OK | |
r-devel-linux-x86_64-fedora-clang | 0.7-4 | 133.90 | NOTE | |||
r-devel-linux-x86_64-fedora-gcc | 0.7-4 | 121.92 | NOTE | |||
r-patched-linux-x86_64 | 0.7-4 | 10.75 | 96.38 | 107.13 | OK | |
r-release-linux-x86_64 | 0.7-4 | 7.59 | 91.99 | 99.58 | OK | |
r-release-macos-arm64 | 0.7-4 | OK | ||||
r-release-macos-x86_64 | 0.7-4 | OK | ||||
r-release-windows-x86_64 | 0.7-4 | 21.00 | 147.00 | 168.00 | OK | |
r-oldrel-macos-arm64 | 0.7-4 | OK | ||||
r-oldrel-macos-x86_64 | 0.7-4 | OK | ||||
r-oldrel-windows-ix86+x86_64 | 0.7-4 | 23.00 | 136.00 | 159.00 | OK |
Version: 0.7-4
Check: compiled code
Result: NOTE
File ‘gplm/libs/gplm.so’:
Found no calls to: ‘R_registerRoutines’, ‘R_useDynamicSymbols’
It is good practice to register native routines and to disable symbol
search.
See ‘Writing portable packages’ in the ‘Writing R Extensions’ manual.
Flavors: r-devel-linux-x86_64-fedora-clang, r-devel-linux-x86_64-fedora-gcc