Last updated on 2022-04-24 03:52:27 CEST.
Flavor | Version | Tinstall | Tcheck | Ttotal | Status | Flags |
---|---|---|---|---|---|---|
r-devel-linux-x86_64-debian-clang | 3.1.1 | 6.53 | 89.81 | 96.34 | WARN | |
r-devel-linux-x86_64-debian-gcc | 3.1.1 | 5.71 | 66.97 | 72.68 | WARN | |
r-devel-linux-x86_64-fedora-clang | 3.1.1 | 126.85 | WARN | |||
r-devel-linux-x86_64-fedora-gcc | 3.1.1 | 109.83 | WARN | |||
r-patched-linux-x86_64 | 3.1.1 | 9.43 | 84.81 | 94.24 | OK | |
r-release-linux-x86_64 | 3.1.1 | 7.05 | 86.07 | 93.12 | OK | |
r-release-macos-arm64 | 3.1.1 | OK | ||||
r-release-macos-x86_64 | 3.1.1 | OK | ||||
r-release-windows-x86_64 | 3.1.1 | 30.00 | 115.00 | 145.00 | OK | |
r-oldrel-macos-arm64 | 3.1.1 | OK | ||||
r-oldrel-macos-x86_64 | 3.1.1 | OK | ||||
r-oldrel-windows-ix86+x86_64 | 3.1.1 | 13.00 | 100.00 | 113.00 | OK |
Version: 3.1.1
Check: Rd files
Result: WARN
checkRd: (7) barplot2.Rd:219: invalid email address: marc\_schwartz@comcast.net
checkRd: (7) venn.Rd:59: invalid email address: steffen\_moeller@gmx.de
Flavors: r-devel-linux-x86_64-debian-clang, r-devel-linux-x86_64-debian-gcc, r-devel-linux-x86_64-fedora-clang, r-devel-linux-x86_64-fedora-gcc
Version: 3.1.1
Check: Rd cross-references
Result: NOTE
Undeclared package ‘r2d2’ in Rd xrefs
Flavor: r-devel-linux-x86_64-fedora-clang