Last updated on 2022-04-24 03:52:27 CEST.
| Flavor | Version | Tinstall | Tcheck | Ttotal | Status | Flags | 
|---|---|---|---|---|---|---|
| r-devel-linux-x86_64-debian-clang | 0.2.1 | 8.67 | 96.78 | 105.45 | OK | |
| r-devel-linux-x86_64-debian-gcc | 0.2.1 | 7.40 | 71.56 | 78.96 | OK | |
| r-devel-linux-x86_64-fedora-clang | 0.2.1 | 126.09 | NOTE | |||
| r-devel-linux-x86_64-fedora-gcc | 0.2.1 | 111.54 | OK | |||
| r-patched-linux-x86_64 | 0.2.1 | 5.56 | 91.67 | 97.23 | OK | |
| r-release-linux-x86_64 | 0.2.1 | 5.00 | 86.52 | 91.52 | OK | |
| r-release-macos-arm64 | 0.2.1 | NOTE | ||||
| r-release-macos-x86_64 | 0.2.1 | NOTE | ||||
| r-release-windows-x86_64 | 0.2.1 | 32.00 | 139.00 | 171.00 | NOTE | |
| r-oldrel-macos-arm64 | 0.2.1 | NOTE | ||||
| r-oldrel-macos-x86_64 | 0.2.1 | NOTE | ||||
| r-oldrel-windows-ix86+x86_64 | 0.2.1 | 21.00 | 124.00 | 145.00 | NOTE | 
Version: 0.2.1
Check: installed package size
Result: NOTE
      installed size is  5.5Mb
      sub-directories of 1Mb or more:
        doc   5.3Mb
Flavors: r-devel-linux-x86_64-fedora-clang, r-release-macos-arm64, r-release-macos-x86_64, r-release-windows-x86_64, r-oldrel-macos-arm64, r-oldrel-macos-x86_64, r-oldrel-windows-ix86+x86_64