Last updated on 2022-04-24 03:52:27 CEST.
Flavor | Version | Tinstall | Tcheck | Ttotal | Status | Flags |
---|---|---|---|---|---|---|
r-devel-linux-x86_64-debian-clang | 0.0.2 | 12.31 | 226.71 | 239.02 | NOTE | |
r-devel-linux-x86_64-debian-gcc | 0.0.2 | 12.98 | 157.47 | 170.45 | NOTE | |
r-devel-linux-x86_64-fedora-clang | 0.0.2 | 294.22 | NOTE | |||
r-devel-linux-x86_64-fedora-gcc | 0.0.2 | 253.33 | NOTE | |||
r-patched-linux-x86_64 | 0.0.2 | 14.67 | 206.97 | 221.64 | NOTE | |
r-release-linux-x86_64 | 0.0.2 | 16.73 | 201.08 | 217.81 | NOTE | |
r-release-macos-arm64 | 0.0.2 | NOTE | ||||
r-release-macos-x86_64 | 0.0.2 | NOTE | ||||
r-release-windows-x86_64 | 0.0.2 | 47.00 | 231.00 | 278.00 | NOTE | |
r-oldrel-macos-arm64 | 0.0.2 | NOTE | ||||
r-oldrel-macos-x86_64 | 0.0.2 | NOTE | ||||
r-oldrel-windows-ix86+x86_64 | 0.0.2 | 33.00 | 232.00 | 265.00 | NOTE |
Version: 0.0.2
Check: LazyData
Result: NOTE
'LazyData' is specified without a 'data' directory
Flavors: r-devel-linux-x86_64-debian-clang, r-devel-linux-x86_64-debian-gcc, r-devel-linux-x86_64-fedora-clang, r-devel-linux-x86_64-fedora-gcc, r-patched-linux-x86_64, r-release-linux-x86_64, r-release-macos-arm64, r-release-macos-x86_64, r-release-windows-x86_64, r-oldrel-macos-arm64, r-oldrel-macos-x86_64, r-oldrel-windows-ix86+x86_64