Last updated on 2022-04-24 03:52:27 CEST.
Flavor | Version | Tinstall | Tcheck | Ttotal | Status | Flags |
---|---|---|---|---|---|---|
r-devel-linux-x86_64-debian-clang | 2.1-1 | 5.62 | 50.78 | 56.40 | NOTE | |
r-devel-linux-x86_64-debian-gcc | 2.1-1 | 3.60 | 38.18 | 41.78 | NOTE | |
r-devel-linux-x86_64-fedora-clang | 2.1-1 | 70.25 | NOTE | |||
r-devel-linux-x86_64-fedora-gcc | 2.1-1 | 54.51 | NOTE | |||
r-patched-linux-x86_64 | 2.1-1 | 5.52 | 48.62 | 54.14 | NOTE | |
r-release-linux-x86_64 | 2.1-1 | 4.05 | 47.07 | 51.12 | NOTE | |
r-release-macos-arm64 | 2.1-1 | NOTE | ||||
r-release-macos-x86_64 | 2.1-1 | NOTE | ||||
r-release-windows-x86_64 | 2.1-1 | 16.00 | 69.00 | 85.00 | NOTE | |
r-oldrel-macos-arm64 | 2.1-1 | NOTE | ||||
r-oldrel-macos-x86_64 | 2.1-1 | NOTE | ||||
r-oldrel-windows-ix86+x86_64 | 2.1-1 | 11.00 | 57.00 | 68.00 | NOTE |
Version: 2.1-1
Check: LazyData
Result: NOTE
'LazyData' is specified without a 'data' directory
Flavors: r-devel-linux-x86_64-debian-clang, r-devel-linux-x86_64-debian-gcc, r-devel-linux-x86_64-fedora-clang, r-devel-linux-x86_64-fedora-gcc, r-patched-linux-x86_64, r-release-linux-x86_64, r-release-macos-arm64, r-release-macos-x86_64, r-release-windows-x86_64, r-oldrel-macos-arm64, r-oldrel-macos-x86_64, r-oldrel-windows-ix86+x86_64