Last updated on 2022-04-24 03:52:27 CEST.
Flavor | Version | Tinstall | Tcheck | Ttotal | Status | Flags |
---|---|---|---|---|---|---|
r-devel-linux-x86_64-debian-clang | 1.0.0 | 3.12 | 45.76 | 48.88 | NOTE | |
r-devel-linux-x86_64-debian-gcc | 1.0.0 | 2.72 | 34.67 | 37.39 | NOTE | |
r-devel-linux-x86_64-fedora-clang | 1.0.0 | 57.66 | NOTE | |||
r-devel-linux-x86_64-fedora-gcc | 1.0.0 | 46.53 | NOTE | |||
r-patched-linux-x86_64 | 1.0.0 | 3.00 | 44.18 | 47.18 | NOTE | |
r-release-linux-x86_64 | 1.0.0 | 2.24 | 40.89 | 43.13 | NOTE | |
r-release-macos-arm64 | 1.0.0 | NOTE | ||||
r-release-macos-x86_64 | 1.0.0 | NOTE | ||||
r-release-windows-x86_64 | 1.0.0 | 16.00 | 62.00 | 78.00 | NOTE | |
r-oldrel-macos-arm64 | 1.0.0 | NOTE | ||||
r-oldrel-macos-x86_64 | 1.0.0 | NOTE | ||||
r-oldrel-windows-ix86+x86_64 | 1.0.0 | 7.00 | 51.00 | 58.00 | NOTE |
Version: 1.0.0
Check: LazyData
Result: NOTE
'LazyData' is specified without a 'data' directory
Flavors: r-devel-linux-x86_64-debian-clang, r-devel-linux-x86_64-debian-gcc, r-devel-linux-x86_64-fedora-clang, r-devel-linux-x86_64-fedora-gcc, r-patched-linux-x86_64, r-release-linux-x86_64, r-release-macos-arm64, r-release-macos-x86_64, r-release-windows-x86_64, r-oldrel-macos-arm64, r-oldrel-macos-x86_64, r-oldrel-windows-ix86+x86_64