Last updated on 2022-04-24 03:52:27 CEST.
Flavor | Version | Tinstall | Tcheck | Ttotal | Status | Flags |
---|---|---|---|---|---|---|
r-devel-linux-x86_64-debian-clang | 0.2-1 | 2.01 | 36.49 | 38.50 | NOTE | |
r-devel-linux-x86_64-debian-gcc | 0.2-1 | 1.33 | 27.69 | 29.02 | NOTE | |
r-devel-linux-x86_64-fedora-clang | 0.2-1 | 46.72 | NOTE | |||
r-devel-linux-x86_64-fedora-gcc | 0.2-1 | 35.87 | NOTE | |||
r-patched-linux-x86_64 | 0.2-1 | 2.58 | 34.67 | 37.25 | NOTE | |
r-release-linux-x86_64 | 0.2-1 | 1.80 | 33.25 | 35.05 | NOTE | |
r-release-macos-arm64 | 0.2-1 | NOTE | ||||
r-release-macos-x86_64 | 0.2-1 | NOTE | ||||
r-release-windows-x86_64 | 0.2-1 | 13.00 | 56.00 | 69.00 | NOTE | |
r-oldrel-macos-arm64 | 0.2-1 | NOTE | ||||
r-oldrel-macos-x86_64 | 0.2-1 | NOTE | ||||
r-oldrel-windows-ix86+x86_64 | 0.2-1 | 5.00 | 32.00 | 37.00 | NOTE |
Version: 0.2-1
Check: DESCRIPTION meta-information
Result: NOTE
Malformed Title field: should not end in a period.
Flavors: r-devel-linux-x86_64-debian-clang, r-devel-linux-x86_64-debian-gcc, r-devel-linux-x86_64-fedora-clang, r-devel-linux-x86_64-fedora-gcc, r-patched-linux-x86_64, r-release-linux-x86_64, r-release-macos-arm64, r-release-macos-x86_64, r-release-windows-x86_64, r-oldrel-macos-arm64, r-oldrel-macos-x86_64, r-oldrel-windows-ix86+x86_64