Last updated on 2022-04-24 03:52:27 CEST.
Flavor | Version | Tinstall | Tcheck | Ttotal | Status | Flags |
---|---|---|---|---|---|---|
r-devel-linux-x86_64-debian-clang | 0.1.0.0 | 3.29 | 45.29 | 48.58 | NOTE | |
r-devel-linux-x86_64-debian-gcc | 0.1.0.0 | 2.59 | 35.15 | 37.74 | NOTE | |
r-devel-linux-x86_64-fedora-clang | 0.1.0.0 | 59.42 | NOTE | |||
r-devel-linux-x86_64-fedora-gcc | 0.1.0.0 | 47.57 | NOTE | |||
r-patched-linux-x86_64 | 0.1.0.0 | 8.29 | 44.41 | 52.70 | NOTE | |
r-release-linux-x86_64 | 0.1.0.0 | 3.91 | 41.95 | 45.86 | NOTE | |
r-release-macos-arm64 | 0.1.0.0 | NOTE | ||||
r-release-macos-x86_64 | 0.1.0.0 | NOTE | ||||
r-release-windows-x86_64 | 0.1.0.0 | 77.00 | 63.00 | 140.00 | NOTE | |
r-oldrel-macos-arm64 | 0.1.0.0 | NOTE | ||||
r-oldrel-macos-x86_64 | 0.1.0.0 | NOTE | ||||
r-oldrel-windows-ix86+x86_64 | 0.1.0.0 | 10.00 | 53.00 | 63.00 | NOTE |
Version: 0.1.0.0
Check: LazyData
Result: NOTE
'LazyData' is specified without a 'data' directory
Flavors: r-devel-linux-x86_64-debian-clang, r-devel-linux-x86_64-debian-gcc, r-devel-linux-x86_64-fedora-clang, r-devel-linux-x86_64-fedora-gcc, r-patched-linux-x86_64, r-release-linux-x86_64, r-release-macos-arm64, r-release-macos-x86_64, r-release-windows-x86_64, r-oldrel-macos-arm64, r-oldrel-macos-x86_64, r-oldrel-windows-ix86+x86_64