Last updated on 2022-04-24 03:52:27 CEST.
Flavor | Version | Tinstall | Tcheck | Ttotal | Status | Flags |
---|---|---|---|---|---|---|
r-devel-linux-x86_64-debian-clang | 0.1.1 | 4.36 | 51.20 | 55.56 | OK | |
r-devel-linux-x86_64-debian-gcc | 0.1.1 | 3.05 | 38.46 | 41.51 | OK | |
r-devel-linux-x86_64-fedora-clang | 0.1.1 | 71.48 | OK | |||
r-devel-linux-x86_64-fedora-gcc | 0.1.1 | 53.37 | OK | |||
r-patched-linux-x86_64 | 0.1.1 | 4.81 | 48.16 | 52.97 | OK | |
r-release-linux-x86_64 | 0.1.1 | 4.08 | 45.72 | 49.80 | OK | |
r-release-macos-arm64 | 0.1.1 | OK | ||||
r-release-macos-x86_64 | 0.1.1 | WARN | --as-cran | |||
r-release-windows-x86_64 | 0.1.1 | 18.00 | 66.00 | 84.00 | OK | |
r-oldrel-macos-arm64 | 0.1.1 | OK | ||||
r-oldrel-macos-x86_64 | 0.1.1 | WARN | --as-cran | |||
r-oldrel-windows-ix86+x86_64 | 0.1.1 | 10.00 | 56.00 | 66.00 | OK |
Version: 0.1.1
Flags: --as-cran
Check: CRAN incoming feasibility
Result: WARN
Maintainer: ‘Ramiro Magno <ramiro.magno@gmail.com>’
Insufficient package version (submitted: 0.1.1, existing: 0.1.1)
Days since last update: 0
Flavors: r-release-macos-x86_64, r-oldrel-macos-x86_64
Version: 0.1.1
Flags: --as-cran
Check: top-level files
Result: NOTE
Files ‘README.md’ or ‘NEWS.md’ cannot be checked without ‘pandoc’ being installed.
Flavors: r-release-macos-x86_64, r-oldrel-macos-x86_64