Last updated on 2022-04-24 03:52:27 CEST.
Flavor | Version | Tinstall | Tcheck | Ttotal | Status | Flags |
---|---|---|---|---|---|---|
r-devel-linux-x86_64-debian-clang | 1.4.0 | 19.22 | 210.94 | 230.16 | OK | |
r-devel-linux-x86_64-debian-gcc | 1.4.0 | 13.40 | 152.16 | 165.56 | OK | |
r-devel-linux-x86_64-fedora-clang | 1.4.0 | 277.76 | NOTE | |||
r-devel-linux-x86_64-fedora-gcc | 1.4.0 | 246.27 | NOTE | |||
r-patched-linux-x86_64 | 1.4.0 | 12.85 | 195.29 | 208.14 | OK | |
r-release-linux-x86_64 | 1.4.0 | 9.79 | 207.44 | 217.23 | OK | |
r-release-macos-arm64 | 1.4.0 | NOTE | ||||
r-release-macos-x86_64 | 1.4.0 | NOTE | ||||
r-release-windows-x86_64 | 1.4.0 | 78.00 | 262.00 | 340.00 | OK | |
r-oldrel-macos-arm64 | 1.4.0 | NOTE | ||||
r-oldrel-macos-x86_64 | 1.4.0 | NOTE | ||||
r-oldrel-windows-ix86+x86_64 | 1.4.0 | 31.00 | 265.00 | 296.00 | OK |
Version: 1.4.0
Check: dependencies in R code
Result: NOTE
Namespace in Imports field not imported from: ‘Rdpack’
All declared Imports should be used.
Flavors: r-devel-linux-x86_64-fedora-clang, r-devel-linux-x86_64-fedora-gcc, r-release-macos-arm64, r-release-macos-x86_64, r-oldrel-macos-arm64, r-oldrel-macos-x86_64