Last updated on 2022-04-24 03:52:27 CEST.
Flavor | Version | Tinstall | Tcheck | Ttotal | Status | Flags |
---|---|---|---|---|---|---|
r-devel-linux-x86_64-debian-clang | 0.5.3 | 4.62 | 61.69 | 66.31 | OK | |
r-devel-linux-x86_64-debian-gcc | 0.5.3 | 3.91 | 45.96 | 49.87 | OK | |
r-devel-linux-x86_64-fedora-clang | 0.5.3 | 79.74 | NOTE | |||
r-devel-linux-x86_64-fedora-gcc | 0.5.3 | 67.63 | NOTE | |||
r-patched-linux-x86_64 | 0.5.3 | 3.37 | 57.37 | 60.74 | OK | |
r-release-linux-x86_64 | 0.5.3 | 3.31 | 55.49 | 58.80 | OK | |
r-release-macos-arm64 | 0.5.3 | NOTE | ||||
r-release-macos-x86_64 | 0.5.3 | NOTE | ||||
r-release-windows-x86_64 | 0.5.3 | 19.00 | 74.00 | 93.00 | OK | |
r-oldrel-macos-arm64 | 0.5.3 | NOTE | ||||
r-oldrel-macos-x86_64 | 0.5.3 | NOTE | ||||
r-oldrel-windows-ix86+x86_64 | 0.5.3 | 14.00 | 67.00 | 81.00 | OK |
Version: 0.5.3
Check: dependencies in R code
Result: NOTE
Namespace in Imports field not imported from: ‘utils’
All declared Imports should be used.
Flavors: r-devel-linux-x86_64-fedora-clang, r-devel-linux-x86_64-fedora-gcc, r-release-macos-arm64, r-release-macos-x86_64, r-oldrel-macos-arm64, r-oldrel-macos-x86_64