Last updated on 2022-04-24 03:52:27 CEST.
Flavor | Version | Tinstall | Tcheck | Ttotal | Status | Flags |
---|---|---|---|---|---|---|
r-devel-linux-x86_64-debian-clang | 0.1.2 | 7.71 | 74.46 | 82.17 | NOTE | |
r-devel-linux-x86_64-debian-gcc | 0.1.2 | 6.13 | 56.09 | 62.22 | NOTE | |
r-devel-linux-x86_64-fedora-clang | 0.1.2 | 100.75 | NOTE | |||
r-devel-linux-x86_64-fedora-gcc | 0.1.2 | 85.66 | NOTE | |||
r-patched-linux-x86_64 | 0.1.2 | 6.29 | 70.18 | 76.47 | NOTE | |
r-release-linux-x86_64 | 0.1.2 | 6.33 | 67.94 | 74.27 | NOTE | |
r-release-macos-arm64 | 0.1.2 | NOTE | ||||
r-release-macos-x86_64 | 0.1.2 | NOTE | ||||
r-release-windows-x86_64 | 0.1.2 | 44.00 | 90.00 | 134.00 | NOTE | |
r-oldrel-macos-arm64 | 0.1.2 | NOTE | ||||
r-oldrel-macos-x86_64 | 0.1.2 | NOTE | ||||
r-oldrel-windows-ix86+x86_64 | 0.1.2 | 18.00 | 81.00 | 99.00 | NOTE |
Version: 0.1.2
Check: LazyData
Result: NOTE
'LazyData' is specified without a 'data' directory
Flavors: r-devel-linux-x86_64-debian-clang, r-devel-linux-x86_64-debian-gcc, r-devel-linux-x86_64-fedora-clang, r-devel-linux-x86_64-fedora-gcc, r-patched-linux-x86_64, r-release-linux-x86_64, r-release-macos-arm64, r-release-macos-x86_64, r-release-windows-x86_64, r-oldrel-macos-arm64, r-oldrel-macos-x86_64, r-oldrel-windows-ix86+x86_64