Last updated on 2022-04-24 03:52:27 CEST.
Flavor | Version | Tinstall | Tcheck | Ttotal | Status | Flags |
---|---|---|---|---|---|---|
r-devel-linux-x86_64-debian-clang | 1.6.1 | 49.95 | 74.46 | 124.41 | OK | |
r-devel-linux-x86_64-debian-gcc | 1.6.1 | 44.31 | 58.27 | 102.58 | OK | |
r-devel-linux-x86_64-fedora-clang | 1.6.1 | 166.98 | NOTE | |||
r-devel-linux-x86_64-fedora-gcc | 1.6.1 | 154.18 | OK | |||
r-patched-linux-x86_64 | 1.6.1 | 43.24 | 74.08 | 117.32 | OK | |
r-release-linux-x86_64 | 1.6.1 | 43.44 | 72.73 | 116.17 | OK | |
r-release-macos-arm64 | 1.6.1 | NOTE | ||||
r-release-macos-x86_64 | 1.6.1 | NOTE | ||||
r-release-windows-x86_64 | 1.6.1 | 89.00 | 123.00 | 212.00 | OK | |
r-oldrel-macos-arm64 | 1.6.1 | NOTE | ||||
r-oldrel-macos-x86_64 | 1.6.1 | NOTE | ||||
r-oldrel-windows-ix86+x86_64 | 1.6.1 | 105.00 | 159.00 | 264.00 | OK |
Version: 1.6.1
Check: installed package size
Result: NOTE
installed size is 9.3Mb
sub-directories of 1Mb or more:
libs 9.1Mb
Flavors: r-devel-linux-x86_64-fedora-clang, r-release-macos-arm64, r-release-macos-x86_64, r-oldrel-macos-arm64, r-oldrel-macos-x86_64