Last updated on 2022-04-24 03:52:27 CEST.
Flavor | Version | Tinstall | Tcheck | Ttotal | Status | Flags |
---|---|---|---|---|---|---|
r-devel-linux-x86_64-debian-clang | 0.8.0 | 77.46 | 56.80 | 134.26 | OK | |
r-devel-linux-x86_64-debian-gcc | 0.8.0 | 60.63 | 43.14 | 103.77 | OK | |
r-devel-linux-x86_64-fedora-clang | 0.8.0 | 193.14 | NOTE | |||
r-devel-linux-x86_64-fedora-gcc | 0.8.0 | 158.33 | OK | |||
r-patched-linux-x86_64 | 0.8.0 | 66.87 | 55.08 | 121.95 | OK | |
r-release-linux-x86_64 | 0.8.0 | 67.70 | 52.08 | 119.78 | OK | |
r-release-macos-arm64 | 0.8.0 | NOTE | ||||
r-release-macos-x86_64 | 0.8.0 | NOTE | ||||
r-release-windows-x86_64 | 0.8.0 | 111.00 | 95.00 | 206.00 | OK | |
r-oldrel-macos-arm64 | 0.8.0 | NOTE | ||||
r-oldrel-macos-x86_64 | 0.8.0 | NOTE | ||||
r-oldrel-windows-ix86+x86_64 | 0.8.0 | 178.00 | 100.00 | 278.00 | OK |
Version: 0.8.0
Check: installed package size
Result: NOTE
installed size is 5.1Mb
sub-directories of 1Mb or more:
help 2.4Mb
libs 2.5Mb
Flavors: r-devel-linux-x86_64-fedora-clang, r-release-macos-arm64, r-release-macos-x86_64, r-oldrel-macos-arm64, r-oldrel-macos-x86_64