Last updated on 2022-04-24 03:52:27 CEST.
Flavor | Version | Tinstall | Tcheck | Ttotal | Status | Flags |
---|---|---|---|---|---|---|
r-devel-linux-x86_64-debian-clang | 1.0 | 25.16 | 271.39 | 296.55 | OK | |
r-devel-linux-x86_64-debian-gcc | 1.0 | 25.06 | 194.96 | 220.02 | OK | |
r-devel-linux-x86_64-fedora-clang | 1.0 | 348.12 | NOTE | |||
r-devel-linux-x86_64-fedora-gcc | 1.0 | 342.12 | NOTE | |||
r-patched-linux-x86_64 | 1.0 | 29.68 | 254.88 | 284.56 | OK | |
r-release-linux-x86_64 | 1.0 | 26.85 | 228.52 | 255.37 | OK | |
r-release-macos-arm64 | 1.0 | NOTE | ||||
r-release-macos-x86_64 | 1.0 | NOTE | ||||
r-release-windows-x86_64 | 1.0 | 37.00 | 249.00 | 286.00 | OK | |
r-oldrel-macos-arm64 | 1.0 | NOTE | ||||
r-oldrel-macos-x86_64 | 1.0 | NOTE | ||||
r-oldrel-windows-ix86+x86_64 | 1.0 | 57.00 | 251.00 | 308.00 | OK |
Version: 1.0
Check: dependencies in R code
Result: NOTE
Namespaces in Imports field not imported from:
‘MASS’ ‘cubature’ ‘magicaxis’
All declared Imports should be used.
Flavors: r-devel-linux-x86_64-fedora-clang, r-devel-linux-x86_64-fedora-gcc, r-release-macos-arm64, r-release-macos-x86_64, r-oldrel-macos-arm64, r-oldrel-macos-x86_64