Last updated on 2022-04-24 03:52:27 CEST.
Flavor | Version | Tinstall | Tcheck | Ttotal | Status | Flags |
---|---|---|---|---|---|---|
r-devel-linux-x86_64-debian-clang | 0.7.2 | 22.27 | 455.85 | 478.12 | OK | |
r-devel-linux-x86_64-debian-gcc | 0.7.2 | 17.69 | 325.47 | 343.16 | OK | |
r-devel-linux-x86_64-fedora-clang | 0.7.2 | 283.78 | NOTE | |||
r-devel-linux-x86_64-fedora-gcc | 0.7.2 | 537.04 | OK | |||
r-patched-linux-x86_64 | 0.7.2 | 21.90 | 418.06 | 439.96 | OK | |
r-release-linux-x86_64 | 0.7.2 | 18.83 | 407.57 | 426.40 | OK | |
r-release-macos-arm64 | 0.7.2 | OK | ||||
r-release-macos-x86_64 | 0.7.2 | OK | ||||
r-release-windows-x86_64 | 0.7.2 | 530.00 | 422.00 | 952.00 | OK | |
r-oldrel-macos-arm64 | 0.7.2 | OK | ||||
r-oldrel-macos-x86_64 | 0.7.2 | OK | ||||
r-oldrel-windows-ix86+x86_64 | 0.7.2 | 39.00 | 423.00 | 462.00 | OK |
Version: 0.7.2
Check: Rd cross-references
Result: NOTE
Undeclared package ‘mapproj’ in Rd xrefs
Flavor: r-devel-linux-x86_64-fedora-clang