Last updated on 2022-04-24 03:52:27 CEST.
Flavor | Version | Tinstall | Tcheck | Ttotal | Status | Flags |
---|---|---|---|---|---|---|
r-devel-linux-x86_64-debian-clang | 0.1.6 | 28.72 | 302.09 | 330.81 | OK | |
r-devel-linux-x86_64-debian-gcc | 0.1.6 | 19.12 | 219.91 | 239.03 | OK | |
r-devel-linux-x86_64-fedora-clang | 0.1.6 | 406.23 | NOTE | |||
r-devel-linux-x86_64-fedora-gcc | 0.1.6 | 408.62 | NOTE | |||
r-patched-linux-x86_64 | 0.1.6 | 25.55 | 287.15 | 312.70 | OK | |
r-release-linux-x86_64 | 0.1.6 | 21.84 | 255.76 | 277.60 | OK | |
r-release-macos-arm64 | 0.1.6 | NOTE | ||||
r-release-macos-x86_64 | 0.1.6 | NOTE | ||||
r-release-windows-x86_64 | 0.1.6 | 34.00 | 305.00 | 339.00 | OK | |
r-oldrel-macos-arm64 | 0.1.6 | NOTE | ||||
r-oldrel-macos-x86_64 | 0.1.6 | NOTE | ||||
r-oldrel-windows-ix86+x86_64 | 0.1.6 | 56.00 | 286.00 | 342.00 | OK |
Version: 0.1.6
Check: dependencies in R code
Result: NOTE
Namespaces in Imports field not imported from:
‘methods’ ‘quadmesh’
All declared Imports should be used.
Flavors: r-devel-linux-x86_64-fedora-clang, r-devel-linux-x86_64-fedora-gcc, r-release-macos-arm64, r-release-macos-x86_64, r-oldrel-macos-arm64, r-oldrel-macos-x86_64