Last updated on 2022-04-24 03:52:27 CEST.
Flavor | Version | Tinstall | Tcheck | Ttotal | Status | Flags |
---|---|---|---|---|---|---|
r-devel-linux-x86_64-debian-clang | 1.9.0.10 | 98.07 | 113.18 | 211.25 | NOTE | |
r-devel-linux-x86_64-debian-gcc | 1.9.0.10 | 76.38 | 79.51 | 155.89 | NOTE | |
r-devel-linux-x86_64-fedora-clang | 1.9.0.10 | 319.23 | NOTE | |||
r-devel-linux-x86_64-fedora-gcc | 1.9.0.10 | 251.14 | NOTE | |||
r-patched-linux-x86_64 | 1.9.0.10 | 84.43 | 103.20 | 187.63 | NOTE | |
r-release-linux-x86_64 | 1.9.0.10 | 80.57 | 99.99 | 180.56 | NOTE | |
r-release-macos-arm64 | 1.9.0.10 | NOTE | ||||
r-release-macos-x86_64 | 1.9.0.10 | NOTE | ||||
r-release-windows-x86_64 | 1.9.0.10 | 167.00 | 140.00 | 307.00 | NOTE | |
r-oldrel-macos-arm64 | 1.9.0.10 | NOTE | ||||
r-oldrel-macos-x86_64 | 1.9.0.10 | NOTE | ||||
r-oldrel-windows-ix86+x86_64 | 1.9.0.10 | 231.00 | 162.00 | 393.00 | NOTE |
Version: 1.9.0.10
Check: package dependencies
Result: NOTE
Packages suggested but not available for checking:
'taxstats', 'taxstats1516'
Flavors: r-devel-linux-x86_64-debian-clang, r-devel-linux-x86_64-debian-gcc, r-devel-linux-x86_64-fedora-clang, r-devel-linux-x86_64-fedora-gcc, r-patched-linux-x86_64, r-release-linux-x86_64, r-release-macos-arm64, r-release-macos-x86_64, r-release-windows-x86_64, r-oldrel-macos-arm64, r-oldrel-macos-x86_64, r-oldrel-windows-ix86+x86_64