Last updated on 2022-04-24 03:52:27 CEST.
Flavor | Version | Tinstall | Tcheck | Ttotal | Status | Flags |
---|---|---|---|---|---|---|
r-devel-linux-x86_64-debian-clang | 0.6.0 | 385.04 | 357.69 | 742.73 | WARN | |
r-devel-linux-x86_64-debian-gcc | 0.6.0 | 325.02 | 232.62 | 557.64 | OK | |
r-devel-linux-x86_64-fedora-clang | 0.6.0 | 1028.41 | WARN | |||
r-devel-linux-x86_64-fedora-gcc | 0.6.0 | 928.73 | NOTE | |||
r-patched-linux-x86_64 | 0.6.0 | 356.54 | 307.13 | 663.67 | OK | |
r-release-linux-x86_64 | 0.6.0 | 348.09 | 295.22 | 643.31 | OK | |
r-release-macos-arm64 | 0.6.0 | NOTE | ||||
r-release-macos-x86_64 | 0.6.0 | NOTE | ||||
r-release-windows-x86_64 | 0.6.0 | 313.00 | 380.00 | 693.00 | OK | |
r-oldrel-macos-arm64 | 0.6.0 | NOTE | ||||
r-oldrel-macos-x86_64 | 0.6.0 | NOTE | ||||
r-oldrel-windows-ix86+x86_64 | 0.6.0 | 884.00 | 645.00 | 1529.00 | NOTE |
Version: 0.6.0
Check: whether package can be installed
Result: WARN
Found the following significant warnings:
SimpleIclCoModel.cpp:219:6: warning: use of bitwise '&' with boolean operands [-Wbitwise-instead-of-logical]
SimpleIclCoModel.cpp:223:6: warning: use of bitwise '&' with boolean operands [-Wbitwise-instead-of-logical]
Flavors: r-devel-linux-x86_64-debian-clang, r-devel-linux-x86_64-fedora-clang
Version: 0.6.0
Check: installed package size
Result: NOTE
installed size is 17.3Mb
sub-directories of 1Mb or more:
libs 14.9Mb
Flavors: r-devel-linux-x86_64-fedora-clang, r-release-macos-arm64, r-release-macos-x86_64, r-oldrel-macos-arm64, r-oldrel-macos-x86_64, r-oldrel-windows-ix86+x86_64
Version: 0.6.0
Check: data for non-ASCII characters
Result: NOTE
Note: found 989 marked UTF-8 strings
Flavors: r-devel-linux-x86_64-fedora-clang, r-devel-linux-x86_64-fedora-gcc, r-release-macos-arm64, r-release-macos-x86_64, r-oldrel-macos-arm64, r-oldrel-macos-x86_64