Last updated on 2022-04-24 03:52:27 CEST.
Flavor | Version | Tinstall | Tcheck | Ttotal | Status | Flags |
---|---|---|---|---|---|---|
r-devel-linux-x86_64-debian-clang | 0.0.1 | 51.41 | 88.14 | 139.55 | OK | |
r-devel-linux-x86_64-debian-gcc | 0.0.1 | 38.74 | 67.67 | 106.41 | OK | |
r-devel-linux-x86_64-fedora-clang | 0.0.1 | 180.85 | OK | |||
r-devel-linux-x86_64-fedora-gcc | 0.0.1 | 162.35 | OK | |||
r-patched-linux-x86_64 | 0.0.1 | 43.36 | 85.52 | 128.88 | OK | |
r-release-linux-x86_64 | 0.0.1 | 40.53 | 81.43 | 121.96 | OK | |
r-release-macos-arm64 | 0.0.1 | NOTE | ||||
r-release-macos-x86_64 | 0.0.1 | OK | ||||
r-release-windows-x86_64 | 0.0.1 | 45.00 | 125.00 | 170.00 | OK | |
r-oldrel-macos-arm64 | 0.0.1 | NOTE | ||||
r-oldrel-macos-x86_64 | 0.0.1 | OK | ||||
r-oldrel-windows-ix86+x86_64 | 0.0.1 | 107.00 | 133.00 | 240.00 | OK |
Version: 0.0.1
Check: installed package size
Result: NOTE
installed size is 5.2Mb
sub-directories of 1Mb or more:
libs 4.5Mb
Flavors: r-release-macos-arm64, r-oldrel-macos-arm64