Last updated on 2022-04-24 03:52:27 CEST.
Flavor | Version | Tinstall | Tcheck | Ttotal | Status | Flags |
---|---|---|---|---|---|---|
r-devel-linux-x86_64-debian-clang | 0.7-2 | 19.09 | 146.74 | 165.83 | NOTE | |
r-devel-linux-x86_64-debian-gcc | 0.7-2 | 14.12 | 108.14 | 122.26 | NOTE | |
r-devel-linux-x86_64-fedora-clang | 0.7-2 | 204.89 | NOTE | |||
r-devel-linux-x86_64-fedora-gcc | 0.7-2 | 189.16 | NOTE | |||
r-patched-linux-x86_64 | 0.7-2 | 12.56 | 137.20 | 149.76 | NOTE | |
r-release-linux-x86_64 | 0.7-2 | 10.38 | 127.26 | 137.64 | NOTE | |
r-release-macos-arm64 | 0.7-2 | NOTE | ||||
r-release-macos-x86_64 | 0.7-2 | NOTE | ||||
r-release-windows-x86_64 | 0.7-2 | 30.00 | 157.00 | 187.00 | NOTE | |
r-oldrel-macos-arm64 | 0.7-2 | NOTE | ||||
r-oldrel-macos-x86_64 | 0.7-2 | NOTE | ||||
r-oldrel-windows-ix86+x86_64 | 0.7-2 | 36.00 | 144.00 | 180.00 | NOTE |
Version: 0.7-2
Check: R code for possible problems
Result: NOTE
accrualReport: multiple local function definitions for 'gg' with
different formal arguments
Flavors: r-devel-linux-x86_64-debian-clang, r-devel-linux-x86_64-debian-gcc, r-devel-linux-x86_64-fedora-clang, r-devel-linux-x86_64-fedora-gcc, r-patched-linux-x86_64, r-release-linux-x86_64, r-release-macos-arm64, r-release-macos-x86_64, r-release-windows-x86_64, r-oldrel-macos-arm64, r-oldrel-macos-x86_64, r-oldrel-windows-ix86+x86_64