Last updated on 2022-04-24 03:52:27 CEST.
Flavor | Version | Tinstall | Tcheck | Ttotal | Status | Flags |
---|---|---|---|---|---|---|
r-devel-linux-x86_64-debian-clang | 1.0 | 14.14 | 125.09 | 139.23 | NOTE | |
r-devel-linux-x86_64-debian-gcc | 1.0 | 10.45 | 92.24 | 102.69 | NOTE | |
r-devel-linux-x86_64-fedora-clang | 1.0 | 164.49 | NOTE | |||
r-devel-linux-x86_64-fedora-gcc | 1.0 | 151.78 | NOTE | |||
r-patched-linux-x86_64 | 1.0 | 5.50 | 11.80 | 17.30 | ERROR | |
r-release-linux-x86_64 | 1.0 | 8.14 | 110.73 | 118.87 | NOTE | |
r-release-macos-arm64 | 1.0 | NOTE | ||||
r-release-macos-x86_64 | 1.0 | NOTE | ||||
r-release-windows-x86_64 | 1.0 | 21.00 | 141.00 | 162.00 | NOTE | |
r-oldrel-macos-arm64 | 1.0 | NOTE | ||||
r-oldrel-macos-x86_64 | 1.0 | NOTE | ||||
r-oldrel-windows-ix86+x86_64 | 1.0 | 27.00 | 129.00 | 156.00 | NOTE |
Version: 1.0
Check: R code for possible problems
Result: NOTE
bestcut2: no visible global function definition for 'pchisq'
cov.func: no visible global function definition for 'rbinom'
cov.func: no visible global function definition for 'cov'
cov.func: no visible global function definition for 'pnorm'
cox.summary: no visible global function definition for 'predict'
em.func: no visible global function definition for 'quantile'
genSurvData: no visible global function definition for 'rweibull'
greyzone.func: no visible global function definition for 'points'
greyzone.func: no visible global function definition for 'abline'
Undefined global functions or variables:
abline cov pchisq pnorm points predict quantile rbinom rweibull
Consider adding
importFrom("graphics", "abline", "points")
importFrom("stats", "cov", "pchisq", "pnorm", "predict", "quantile",
"rbinom", "rweibull")
to your NAMESPACE file.
Flavors: r-devel-linux-x86_64-debian-clang, r-devel-linux-x86_64-debian-gcc, r-devel-linux-x86_64-fedora-clang, r-devel-linux-x86_64-fedora-gcc, r-release-linux-x86_64, r-release-macos-arm64, r-release-macos-x86_64, r-release-windows-x86_64, r-oldrel-macos-arm64, r-oldrel-macos-x86_64, r-oldrel-windows-ix86+x86_64
Version: 1.0
Check: whether package can be installed
Result: ERROR
Installation failed.
Flavor: r-patched-linux-x86_64