Last updated on 2022-04-24 03:52:27 CEST.
Flavor | Version | Tinstall | Tcheck | Ttotal | Status | Flags |
---|---|---|---|---|---|---|
r-devel-linux-x86_64-debian-clang | 2.1.0 | 339.79 | 107.20 | 446.99 | NOTE | |
r-devel-linux-x86_64-debian-gcc | 2.1.0 | 261.69 | 83.93 | 345.62 | NOTE | |
r-devel-linux-x86_64-fedora-clang | 2.1.0 | 653.17 | NOTE | |||
r-devel-linux-x86_64-fedora-gcc | 2.1.0 | 552.71 | NOTE | |||
r-patched-linux-x86_64 | 2.1.0 | 277.49 | 107.33 | 384.82 | NOTE | |
r-release-linux-x86_64 | 2.1.0 | 272.60 | 102.03 | 374.63 | NOTE | |
r-release-macos-arm64 | 2.1.0 | NOTE | ||||
r-release-macos-x86_64 | 2.1.0 | NOTE | ||||
r-release-windows-x86_64 | 2.1.0 | 403.00 | 158.00 | 561.00 | NOTE | |
r-oldrel-macos-arm64 | 2.1.0 | NOTE | ||||
r-oldrel-macos-x86_64 | 2.1.0 | NOTE | ||||
r-oldrel-windows-ix86+x86_64 | 2.1.0 | 764.00 | 173.00 | 937.00 | NOTE |
Version: 2.1.0
Check: for GNU extensions in Makefiles
Result: NOTE
GNU make is a SystemRequirements.
Flavors: r-devel-linux-x86_64-debian-clang, r-devel-linux-x86_64-debian-gcc, r-devel-linux-x86_64-fedora-clang, r-devel-linux-x86_64-fedora-gcc, r-patched-linux-x86_64, r-release-linux-x86_64, r-release-macos-arm64, r-release-macos-x86_64, r-release-windows-x86_64, r-oldrel-macos-arm64, r-oldrel-macos-x86_64, r-oldrel-windows-ix86+x86_64
Version: 2.1.0
Check: installed package size
Result: NOTE
installed size is 26.5Mb
sub-directories of 1Mb or more:
libs 26.0Mb
Flavors: r-devel-linux-x86_64-fedora-clang, r-release-macos-arm64, r-release-macos-x86_64, r-oldrel-macos-arm64, r-oldrel-macos-x86_64