Last updated on 2022-04-24 03:52:27 CEST.
Flavor | Version | Tinstall | Tcheck | Ttotal | Status | Flags |
---|---|---|---|---|---|---|
r-devel-linux-x86_64-debian-clang | 0.4-7 | 1.65 | 37.06 | 38.71 | NOTE | |
r-devel-linux-x86_64-debian-gcc | 0.4-7 | 1.72 | 28.79 | 30.51 | NOTE | |
r-devel-linux-x86_64-fedora-clang | 0.4-7 | 49.11 | NOTE | |||
r-devel-linux-x86_64-fedora-gcc | 0.4-7 | 37.34 | NOTE | |||
r-patched-linux-x86_64 | 0.4-7 | 2.35 | 35.99 | 38.34 | NOTE | |
r-release-linux-x86_64 | 0.4-7 | 1.60 | 35.51 | 37.11 | NOTE | |
r-release-macos-arm64 | 0.4-7 | NOTE | ||||
r-release-macos-x86_64 | 0.4-7 | NOTE | ||||
r-release-windows-x86_64 | 0.4-7 | 18.00 | 64.00 | 82.00 | NOTE | |
r-oldrel-macos-arm64 | 0.4-7 | NOTE | ||||
r-oldrel-macos-x86_64 | 0.4-7 | NOTE | ||||
r-oldrel-windows-ix86+x86_64 | 0.4-7 | 4.00 | 46.00 | 50.00 | NOTE |
Version: 0.4-7
Check: DESCRIPTION meta-information
Result: NOTE
Malformed Description field: should contain one or more complete sentences.
Flavors: r-devel-linux-x86_64-debian-clang, r-devel-linux-x86_64-debian-gcc, r-devel-linux-x86_64-fedora-clang, r-devel-linux-x86_64-fedora-gcc, r-patched-linux-x86_64, r-release-linux-x86_64, r-release-macos-arm64, r-release-macos-x86_64, r-release-windows-x86_64, r-oldrel-macos-arm64, r-oldrel-macos-x86_64, r-oldrel-windows-ix86+x86_64