Last updated on 2022-04-24 03:52:27 CEST.
Flavor | Version | Tinstall | Tcheck | Ttotal | Status | Flags |
---|---|---|---|---|---|---|
r-devel-linux-x86_64-debian-clang | 0.6 | 6.62 | 134.39 | 141.01 | OK | |
r-devel-linux-x86_64-debian-gcc | 0.6 | 4.73 | 94.83 | 99.56 | OK | |
r-devel-linux-x86_64-fedora-clang | 0.6 | 166.90 | NOTE | |||
r-devel-linux-x86_64-fedora-gcc | 0.6 | 149.44 | NOTE | |||
r-patched-linux-x86_64 | 0.6 | 6.35 | 124.48 | 130.83 | OK | |
r-release-linux-x86_64 | 0.6 | 5.74 | 109.08 | 114.82 | OK | |
r-release-macos-arm64 | 0.6 | NOTE | ||||
r-release-macos-x86_64 | 0.6 | NOTE | ||||
r-release-windows-x86_64 | 0.6 | 35.00 | 151.00 | 186.00 | OK | |
r-oldrel-macos-arm64 | 0.6 | NOTE | ||||
r-oldrel-macos-x86_64 | 0.6 | NOTE | ||||
r-oldrel-windows-ix86+x86_64 | 0.6 | 17.00 | 139.00 | 156.00 | OK |
Version: 0.6
Check: dependencies in R code
Result: NOTE
Namespace in Imports field not imported from: ‘BiasedUrn’
All declared Imports should be used.
Flavors: r-devel-linux-x86_64-fedora-clang, r-devel-linux-x86_64-fedora-gcc, r-release-macos-arm64, r-release-macos-x86_64, r-oldrel-macos-arm64, r-oldrel-macos-x86_64