Last updated on 2022-04-24 03:52:27 CEST.
Flavor | Version | Tinstall | Tcheck | Ttotal | Status | Flags |
---|---|---|---|---|---|---|
r-devel-linux-x86_64-debian-clang | 0.1.4 | 43.37 | 52.84 | 96.21 | NOTE | |
r-devel-linux-x86_64-debian-gcc | 0.1.4 | 35.16 | 39.46 | 74.62 | NOTE | |
r-devel-linux-x86_64-fedora-clang | 0.1.4 | 131.30 | NOTE | |||
r-devel-linux-x86_64-fedora-gcc | 0.1.4 | 116.23 | NOTE | |||
r-patched-linux-x86_64 | 0.1.4 | 35.46 | 49.32 | 84.78 | NOTE | |
r-release-linux-x86_64 | 0.1.4 | 35.77 | 47.06 | 82.83 | NOTE | |
r-release-macos-arm64 | 0.1.4 | NOTE | ||||
r-release-macos-x86_64 | 0.1.4 | NOTE | ||||
r-release-windows-x86_64 | 0.1.4 | 80.00 | 85.00 | 165.00 | NOTE | |
r-oldrel-macos-arm64 | 0.1.4 | NOTE | ||||
r-oldrel-macos-x86_64 | 0.1.4 | NOTE | ||||
r-oldrel-windows-ix86+x86_64 | 0.1.4 | 100.00 | 89.00 | 189.00 | NOTE |
Version: 0.1.4
Check: LazyData
Result: NOTE
'LazyData' is specified without a 'data' directory
Flavors: r-devel-linux-x86_64-debian-clang, r-devel-linux-x86_64-debian-gcc, r-devel-linux-x86_64-fedora-clang, r-devel-linux-x86_64-fedora-gcc, r-patched-linux-x86_64, r-release-linux-x86_64, r-release-macos-arm64, r-release-macos-x86_64, r-release-windows-x86_64, r-oldrel-macos-arm64, r-oldrel-macos-x86_64, r-oldrel-windows-ix86+x86_64