Last updated on 2022-04-24 03:52:27 CEST.
Flavor | Version | Tinstall | Tcheck | Ttotal | Status | Flags |
---|---|---|---|---|---|---|
r-devel-linux-x86_64-debian-clang | 1.3.1 | 6.08 | 632.68 | 638.76 | NOTE | |
r-devel-linux-x86_64-debian-gcc | 1.3.1 | 4.43 | 407.87 | 412.30 | NOTE | |
r-devel-linux-x86_64-fedora-clang | 1.3.1 | 710.52 | NOTE | |||
r-devel-linux-x86_64-fedora-gcc | 1.3.1 | 700.11 | NOTE | |||
r-patched-linux-x86_64 | 1.3.1 | 6.07 | 590.69 | 596.76 | NOTE | |
r-release-linux-x86_64 | 1.3.1 | 5.38 | 594.95 | 600.33 | NOTE | |
r-release-macos-arm64 | 1.3.1 | NOTE | ||||
r-release-macos-x86_64 | 1.3.1 | NOTE | ||||
r-release-windows-x86_64 | 1.3.1 | 47.00 | 526.00 | 573.00 | NOTE | |
r-oldrel-macos-arm64 | 1.3.1 | NOTE | ||||
r-oldrel-macos-x86_64 | 1.3.1 | NOTE | ||||
r-oldrel-windows-ix86+x86_64 | 1.3.1 | 14.00 | 686.00 | 700.00 | NOTE |
Version: 1.3.1
Check: LazyData
Result: NOTE
'LazyData' is specified without a 'data' directory
Flavors: r-devel-linux-x86_64-debian-clang, r-devel-linux-x86_64-debian-gcc, r-devel-linux-x86_64-fedora-clang, r-devel-linux-x86_64-fedora-gcc, r-patched-linux-x86_64, r-release-linux-x86_64, r-release-macos-arm64, r-release-macos-x86_64, r-release-windows-x86_64, r-oldrel-macos-arm64, r-oldrel-macos-x86_64, r-oldrel-windows-ix86+x86_64