Last updated on 2022-04-24 03:52:27 CEST.
Flavor | Version | Tinstall | Tcheck | Ttotal | Status | Flags |
---|---|---|---|---|---|---|
r-devel-linux-x86_64-debian-clang | 1.1.0 | 6.07 | 464.73 | 470.80 | OK | |
r-devel-linux-x86_64-debian-gcc | 1.1.0 | 3.41 | 383.27 | 386.68 | OK | |
r-devel-linux-x86_64-fedora-clang | 1.1.0 | 581.18 | NOTE | |||
r-devel-linux-x86_64-fedora-gcc | 1.1.0 | 559.95 | NOTE | |||
r-patched-linux-x86_64 | 1.1.0 | 4.85 | 285.56 | 290.41 | OK | |
r-release-linux-x86_64 | 1.1.0 | 5.64 | 285.06 | 290.70 | OK | |
r-release-macos-arm64 | 1.1.0 | NOTE | ||||
r-release-macos-x86_64 | 1.1.0 | NOTE | ||||
r-release-windows-x86_64 | 1.1.0 | 20.00 | 326.00 | 346.00 | OK | |
r-oldrel-macos-arm64 | 1.1.0 | NOTE | ||||
r-oldrel-macos-x86_64 | 1.1.0 | NOTE | ||||
r-oldrel-windows-ix86+x86_64 | 1.1.0 | 9.00 | 328.00 | 337.00 | OK |
Version: 1.1.0
Check: dependencies in R code
Result: NOTE
Namespace in Imports field not imported from: ‘msm’
All declared Imports should be used.
Flavors: r-devel-linux-x86_64-fedora-clang, r-devel-linux-x86_64-fedora-gcc, r-release-macos-arm64, r-release-macos-x86_64, r-oldrel-macos-arm64, r-oldrel-macos-x86_64