Last updated on 2022-04-24 03:52:27 CEST.
Flavor | Version | Tinstall | Tcheck | Ttotal | Status | Flags |
---|---|---|---|---|---|---|
r-devel-linux-x86_64-debian-clang | 1.0.4.2 | 107.80 | 79.01 | 186.81 | OK | |
r-devel-linux-x86_64-debian-gcc | 1.0.4.2 | 75.23 | 60.48 | 135.71 | OK | |
r-devel-linux-x86_64-fedora-clang | 1.0.4.2 | 296.50 | NOTE | |||
r-devel-linux-x86_64-fedora-gcc | 1.0.4.2 | 248.02 | OK | |||
r-patched-linux-x86_64 | 1.0.4.2 | 83.37 | 76.28 | 159.65 | OK | |
r-release-linux-x86_64 | 1.0.4.2 | 87.75 | 72.40 | 160.15 | OK | |
r-release-macos-arm64 | 1.0.4.2 | NOTE | ||||
r-release-macos-x86_64 | 1.0.4.2 | NOTE | ||||
r-release-windows-x86_64 | 1.0.4.2 | 93.00 | 141.00 | 234.00 | OK | |
r-oldrel-macos-arm64 | 1.0.4.2 | NOTE | ||||
r-oldrel-macos-x86_64 | 1.0.4.2 | NOTE | ||||
r-oldrel-windows-ix86+x86_64 | 1.0.4.2 | 238.00 | 127.00 | 365.00 | OK |
Version: 1.0.4.2
Check: installed package size
Result: NOTE
installed size is 7.8Mb
sub-directories of 1Mb or more:
libs 7.3Mb
Flavors: r-devel-linux-x86_64-fedora-clang, r-release-macos-arm64, r-release-macos-x86_64, r-oldrel-macos-arm64, r-oldrel-macos-x86_64
Version: 1.0.4.2
Check: package dependencies
Result: NOTE
Package suggested but not available for checking: ‘snplist’
Flavors: r-release-macos-arm64, r-oldrel-macos-arm64