Last updated on 2022-04-24 03:52:27 CEST.
Flavor | Version | Tinstall | Tcheck | Ttotal | Status | Flags |
---|---|---|---|---|---|---|
r-devel-linux-x86_64-debian-clang | 0.15 | 281.58 | 151.25 | 432.83 | OK | |
r-devel-linux-x86_64-debian-gcc | 0.15 | 229.53 | 108.98 | 338.51 | OK | |
r-devel-linux-x86_64-fedora-clang | 0.15 | 594.06 | NOTE | |||
r-devel-linux-x86_64-fedora-gcc | 0.15 | 547.87 | OK | |||
r-patched-linux-x86_64 | 0.15 | 234.44 | 138.91 | 373.35 | OK | |
r-release-linux-x86_64 | 0.15 | 238.81 | 129.80 | 368.61 | OK | |
r-release-macos-arm64 | 0.15 | NOTE | ||||
r-release-macos-x86_64 | 0.15 | NOTE | ||||
r-release-windows-x86_64 | 0.15 | 228.00 | 189.00 | 417.00 | OK | |
r-oldrel-macos-arm64 | 0.15 | NOTE | ||||
r-oldrel-macos-x86_64 | 0.15 | NOTE | ||||
r-oldrel-windows-ix86+x86_64 | 0.15 | 614.00 | 246.00 | 860.00 | OK |
Version: 0.15
Check: installed package size
Result: NOTE
installed size is 12.2Mb
sub-directories of 1Mb or more:
libs 11.7Mb
Flavors: r-devel-linux-x86_64-fedora-clang, r-release-macos-arm64, r-release-macos-x86_64, r-oldrel-macos-arm64, r-oldrel-macos-x86_64